{"id":2,"date":"2024-08-06T11:16:01","date_gmt":"2024-08-06T11:16:01","guid":{"rendered":"https:\/\/tassadanslesmyriades.fr\/?page_id=2"},"modified":"2024-10-13T16:57:42","modified_gmt":"2024-10-13T16:57:42","slug":"sample-page","status":"publish","type":"page","link":"https:\/\/tassadanslesmyriades.fr\/","title":{"rendered":"Index \ud83d\udd0d"},"content":{"rendered":"\n<figure class=\"wp-block-image aligncenter size-medium\"><img loading=\"lazy\" decoding=\"async\" width=\"300\" height=\"300\" src=\"https:\/\/tassadanslesmyriades.fr\/wp-content\/uploads\/2024\/08\/tassadanslesmyriades-1-1-300x300.png\" alt=\"\" class=\"wp-image-196\" srcset=\"https:\/\/tassadanslesmyriades.fr\/wp-content\/uploads\/2024\/08\/tassadanslesmyriades-1-1-300x300.png 300w, https:\/\/tassadanslesmyriades.fr\/wp-content\/uploads\/2024\/08\/tassadanslesmyriades-1-1-1024x1024.png 1024w, https:\/\/tassadanslesmyriades.fr\/wp-content\/uploads\/2024\/08\/tassadanslesmyriades-1-1-150x150.png 150w, https:\/\/tassadanslesmyriades.fr\/wp-content\/uploads\/2024\/08\/tassadanslesmyriades-1-1-768x768.png 768w, https:\/\/tassadanslesmyriades.fr\/wp-content\/uploads\/2024\/08\/tassadanslesmyriades-1-1.png 1080w\" sizes=\"auto, (max-width: 300px) 100vw, 300px\" \/><\/figure>\n\n\n\n<blockquote class=\"wp-block-quote is-layout-flow wp-block-quote-is-layout-flow\">\n<p class=\"has-text-align-center\">la bienvenue !<\/p>\n<\/blockquote>\n\n\n<form role=\"search\" method=\"get\" action=\"https:\/\/tassadanslesmyriades.fr\/\" class=\"wp-block-search__button-outside wp-block-search__icon-button wp-block-search\"    ><label class=\"wp-block-search__label\" for=\"wp-block-search__input-1\" >Faites une recherche dans le blog<\/label><div class=\"wp-block-search__inside-wrapper\" ><input class=\"wp-block-search__input\" id=\"wp-block-search__input-1\" placeholder=\"\" value=\"\" type=\"search\" name=\"s\" required \/><button aria-label=\"Recherche\" class=\"wp-block-search__button has-icon wp-element-button\" type=\"submit\" ><svg class=\"search-icon\" viewBox=\"0 0 24 24\" width=\"24\" height=\"24\">\n\t\t\t\t\t<path d=\"M13 5c-3.3 0-6 2.7-6 6 0 1.4.5 2.7 1.3 3.7l-3.8 3.8 1.1 1.1 3.8-3.8c1 .8 2.3 1.3 3.7 1.3 3.3 0 6-2.7 6-6S16.3 5 13 5zm0 10.5c-2.5 0-4.5-2-4.5-4.5s2-4.5 4.5-4.5 4.5 2 4.5 4.5-2 4.5-4.5 4.5z\"><\/path>\n\t\t\t\t<\/svg><\/button><\/div><\/form>\n\n\n<hr class=\"wp-block-separator has-alpha-channel-opacity\"\/>\n\n\n\n<p><strong>Derniers articles publi\u00e9s<\/strong><\/p>\n\n\n\n<hr class=\"wp-block-separator has-alpha-channel-opacity\"\/>\n\n\n<ul class=\"wp-block-latest-posts__list wp-block-latest-posts\"><li><a class=\"wp-block-latest-posts__post-title\" href=\"https:\/\/tassadanslesmyriades.fr\/?p=1387\">20260418_mise \u00e0 jour de la vie<\/a><\/li>\n<li><a class=\"wp-block-latest-posts__post-title\" href=\"https:\/\/tassadanslesmyriades.fr\/?p=1372\">20260217_podcast Ma pile \u00e0 lire<\/a><\/li>\n<li><a class=\"wp-block-latest-posts__post-title\" href=\"https:\/\/tassadanslesmyriades.fr\/?p=1361\">20260126_dailylog Soupes bis<\/a><\/li>\n<li><a class=\"wp-block-latest-posts__post-title\" href=\"https:\/\/tassadanslesmyriades.fr\/?p=1358\">20260114_ D\u00e9sencombrement num\u00e9rique : comment tout faire avec un navigateur web ? Partie 1<\/a><\/li>\n<li><a class=\"wp-block-latest-posts__post-title\" href=\"https:\/\/tassadanslesmyriades.fr\/?p=1352\">20260111_dailylog Moments soupes<\/a><\/li>\n<li><a class=\"wp-block-latest-posts__post-title\" href=\"https:\/\/tassadanslesmyriades.fr\/?p=1343\">20260110_dailylog Quelques moments doux<\/a><\/li>\n<li><a class=\"wp-block-latest-posts__post-title\" href=\"https:\/\/tassadanslesmyriades.fr\/?p=1350\">20260109_ Liste de vid\u00e9astes \u00e0 suivre<\/a><\/li>\n<li><a class=\"wp-block-latest-posts__post-title\" href=\"https:\/\/tassadanslesmyriades.fr\/?p=1331\">20260101_ D\u00e9sencombrer<\/a><\/li>\n<li><a class=\"wp-block-latest-posts__post-title\" href=\"https:\/\/tassadanslesmyriades.fr\/?p=1311\">20251230_ D\u00e9sencombrer<\/a><\/li>\n<li><a class=\"wp-block-latest-posts__post-title\" href=\"https:\/\/tassadanslesmyriades.fr\/?p=1303\">Avant 2026 : \u00e9couter, lire, apprendre, la top liste Partie 1<\/a><\/li>\n<li><a class=\"wp-block-latest-posts__post-title\" href=\"https:\/\/tassadanslesmyriades.fr\/?p=1300\">20250808_dailylog Lectures<\/a><\/li>\n<li><a class=\"wp-block-latest-posts__post-title\" href=\"https:\/\/tassadanslesmyriades.fr\/?p=1289\">20250728_dailylog<\/a><\/li>\n<li><a class=\"wp-block-latest-posts__post-title\" href=\"https:\/\/tassadanslesmyriades.fr\/?p=1283\">202507_Photo Dump<\/a><\/li>\n<li><a class=\"wp-block-latest-posts__post-title\" href=\"https:\/\/tassadanslesmyriades.fr\/?p=1261\">20250706_dailylog Quoi faire<\/a><\/li>\n<li><a class=\"wp-block-latest-posts__post-title\" href=\"https:\/\/tassadanslesmyriades.fr\/?p=1256\">20250623_dailylog koridashi matcha<\/a><\/li>\n<\/ul>\n\n\n<hr class=\"wp-block-separator has-alpha-channel-opacity\"\/>\n\n\n\n<div id=\"ez-toc-container\" class=\"ez-toc-v2_0_82_2 counter-hierarchy ez-toc-counter ez-toc-grey ez-toc-container-direction\">\r\n<div class=\"ez-toc-title-container\">\r\n<p class=\"ez-toc-title\" style=\"cursor:inherit\">Table of Contents<\/p>\r\n<span class=\"ez-toc-title-toggle\"><a href=\"#\" class=\"ez-toc-pull-right ez-toc-btn ez-toc-btn-xs ez-toc-btn-default ez-toc-toggle\" aria-label=\"Toggle Table of Content\"><span class=\"ez-toc-js-icon-con\"><span class=\"\"><span class=\"eztoc-hide\" style=\"display:none;\">Toggle<\/span><span class=\"ez-toc-icon-toggle-span\"><svg style=\"fill: #999;color:#999\" xmlns=\"http:\/\/www.w3.org\/2000\/svg\" class=\"list-377408\" width=\"20px\" height=\"20px\" viewBox=\"0 0 24 24\" fill=\"none\"><path d=\"M6 6H4v2h2V6zm14 0H8v2h12V6zM4 11h2v2H4v-2zm16 0H8v2h12v-2zM4 16h2v2H4v-2zm16 0H8v2h12v-2z\" fill=\"currentColor\"><\/path><\/svg><svg style=\"fill: #999;color:#999\" class=\"arrow-unsorted-368013\" xmlns=\"http:\/\/www.w3.org\/2000\/svg\" width=\"10px\" height=\"10px\" viewBox=\"0 0 24 24\" version=\"1.2\" baseProfile=\"tiny\"><path d=\"M18.2 9.3l-6.2-6.3-6.2 6.3c-.2.2-.3.4-.3.7s.1.5.3.7c.2.2.4.3.7.3h11c.3 0 .5-.1.7-.3.2-.2.3-.5.3-.7s-.1-.5-.3-.7zM5.8 14.7l6.2 6.3 6.2-6.3c.2-.2.3-.5.3-.7s-.1-.5-.3-.7c-.2-.2-.4-.3-.7-.3h-11c-.3 0-.5.1-.7.3-.2.2-.3.5-.3.7s.1.5.3.7z\"\/><\/svg><\/span><\/span><\/span><\/a><\/span><\/div>\r\n<nav><ul class='ez-toc-list ez-toc-list-level-1 ' ><li class='ez-toc-page-1 ez-toc-heading-level-2'><a class=\"ez-toc-link ez-toc-heading-1\" href=\"https:\/\/tassadanslesmyriades.fr\/#Repertoires_%F0%9F%93%95\" >R\u00e9pertoires \ud83d\udcd5<\/a><\/li><li class='ez-toc-page-1 ez-toc-heading-level-2'><a class=\"ez-toc-link ez-toc-heading-2\" href=\"https:\/\/tassadanslesmyriades.fr\/#Sous-repertoires_%F0%9F%93%91\" >Sous-r\u00e9pertoires \ud83d\udcd1<\/a><ul class='ez-toc-list-level-3' ><li class='ez-toc-heading-level-3'><a class=\"ez-toc-link ez-toc-heading-3\" href=\"https:\/\/tassadanslesmyriades.fr\/#Films_%F0%9F%8D%BF\" >Films \ud83c\udf7f<\/a><\/li><li class='ez-toc-page-1 ez-toc-heading-level-3'><a class=\"ez-toc-link ez-toc-heading-4\" href=\"https:\/\/tassadanslesmyriades.fr\/#Livres_%F0%9F%93%9A\" >Livres \ud83d\udcda<\/a><\/li><\/ul><\/li><li class='ez-toc-page-1 ez-toc-heading-level-2'><a class=\"ez-toc-link ez-toc-heading-5\" href=\"https:\/\/tassadanslesmyriades.fr\/#Abonnez-vous_aux_nouvelles\" >Abonnez-vous aux nouvelles :<\/a><\/li><li class='ez-toc-page-1 ez-toc-heading-level-2'><a class=\"ez-toc-link ez-toc-heading-6\" href=\"https:\/\/tassadanslesmyriades.fr\/#Rejoignez_les_Myriades%E2%80%93lovers_2Emois\" >Rejoignez les Myriades&#8211;lovers (2\u20ac\/mois)<\/a><\/li><li class='ez-toc-page-1 ez-toc-heading-level-2'><a class=\"ez-toc-link ez-toc-heading-7\" href=\"https:\/\/tassadanslesmyriades.fr\/#Pixelfed\" >Pixelfed<\/a><\/li><li class='ez-toc-page-1 ez-toc-heading-level-2'><a class=\"ez-toc-link ez-toc-heading-8\" href=\"https:\/\/tassadanslesmyriades.fr\/#Mastodon\" >Mastodon<\/a><\/li><li class='ez-toc-page-1 ez-toc-heading-level-2'><a class=\"ez-toc-link ez-toc-heading-9\" href=\"https:\/\/tassadanslesmyriades.fr\/#Reseaux_sociaux\" >R\u00e9seaux sociaux :<\/a><\/li><\/ul><\/nav><\/div>\r\n<h2 class=\"wp-block-heading\"><span class=\"ez-toc-section\" id=\"Repertoires_%F0%9F%93%95\"><\/span>R\u00e9pertoires \ud83d\udcd5<span class=\"ez-toc-section-end\"><\/span><\/h2>\n\n\n\n<p>Retrouvez les publications dans leur r\u00e9pertoire respectif :<\/p>\n\n\n\n<p>Chaque r\u00e9pertoire commence par la lettre r pour r\u00e9pertoire, suivi d\u2019un slash \/ et d\u2019une cat\u00e9gorie.<\/p>\n\n\n\n<p>Mes logs quotidiens : <a href=\"https:\/\/tassadanslesmyriades.fr\/?cat=11\">r\/dailylog<\/a><\/p>\n\n\n\n<p>toutes les listes : <a href=\"https:\/\/tassadanslesmyriades.fr\/?tag=liste\">r\/listes<\/a><\/p>\n\n\n\n<p><a href=\"https:\/\/tassadanslesmyriades.fr\/?cat=1\">r\/cinema<\/a><a href=\"https:\/\/tassadanslesmyriades.fr\/?cat=4\"> | r\/edito<\/a> | <a href=\"https:\/\/tassadanslesmyriades.fr\/?cat=64\">r\/poemes<\/a> | <a href=\"https:\/\/tassadanslesmyriades.fr\/?cat=65\">r\/histoire<\/a> | <a href=\"https:\/\/tassadanslesmyriades.fr\/?tag=tech\">r\/tech<\/a> | <a href=\"https:\/\/tassadanslesmyriades.fr\/?cat=42\">r\/Livres<\/a> | <a href=\"https:\/\/tassadanslesmyriades.fr\/?tag=serie\">r\/S\u00e9rie<\/a><\/p>\n\n\n\n<hr class=\"wp-block-separator has-alpha-channel-opacity\"\/>\n\n\n\n<h2 class=\"wp-block-heading\"><span class=\"ez-toc-section\" id=\"Sous-repertoires_%F0%9F%93%91\"><\/span>Sous-r\u00e9pertoires \ud83d\udcd1<span class=\"ez-toc-section-end\"><\/span><\/h2>\n\n\n\n<p>Chaque sous r\u00e9pertoire commence par la lettre s (pour sub) :<\/p>\n\n\n\n<p><a href=\"https:\/\/tassadanslesmyriades.fr\/?cat=13\">s\/highlights<\/a><\/p>\n\n\n\n<p>* <a href=\"https:\/\/tassadanslesmyriades.fr\/?tag=documentaire\">s\/documentaire<\/a> | s\/top | s\/images <\/p>\n\n\n\n<p>Ensuite chaque publication est titr\u00e9e ainsi (sauf les publications des anciens blogs) :<\/p>\n\n\n\n<p>ANNEEMOIS_SUJET titre<\/p>\n\n\n\n<p>Exemple : <a href=\"https:\/\/tassadanslesmyriades.fr\/?p=35\">202408_cin\u00e9ma L\u2019esth\u00e9tique au cin\u00e9ma<\/a><\/p>\n\n\n\n<hr class=\"wp-block-separator has-alpha-channel-opacity\"\/>\n\n\n\n<h3 class=\"wp-block-heading\"><span class=\"ez-toc-section\" id=\"Films_%F0%9F%8D%BF\"><\/span>Films \ud83c\udf7f <span class=\"ez-toc-section-end\"><\/span><\/h3>\n\n\n\n<p>Par ordre alphab\u00e9tique &#8211; tag #cin\u00e9-lettre (les d\u00e9terminants et d\u00e9monstratifs comptent)<\/p>\n\n\n\n<p>Attention \u26a0\ufe0f les articles qui mentionnent le titre d\u2019un film sont aussi r\u00e9f\u00e9renc\u00e9s dans ces listes. <\/p>\n\n\n\n<p><a href=\"https:\/\/tassadanslesmyriades.fr\/?tag=cine-a\">A<\/a> &#8211; <a href=\"https:\/\/tassadanslesmyriades.fr\/?tag=cine-b\">B<\/a> &#8211; <a href=\"https:\/\/tassadanslesmyriades.fr\/?tag=cine-c\">C<\/a> &#8211; <a href=\"https:\/\/tassadanslesmyriades.fr\/?tag=cine-d\">D<\/a> &#8211; <a href=\"https:\/\/tassadanslesmyriades.fr\/?tag=cine-e\">E<\/a> &#8211; F &#8211; <a href=\"https:\/\/tassadanslesmyriades.fr\/?tag=cine-g\">G<\/a> &#8211; <a href=\"https:\/\/tassadanslesmyriades.fr\/?tag=cine-h\">H<\/a> &#8211; <a href=\"https:\/\/tassadanslesmyriades.fr\/?tag=cine-i\">I<\/a> &#8211; J &#8211; K &#8211; <a href=\"https:\/\/tassadanslesmyriades.fr\/?tag=cine-l\">L<\/a> &#8211; <a href=\"https:\/\/tassadanslesmyriades.fr\/?tag=cine-m\">M<\/a> &#8211; N &#8211; <a href=\"https:\/\/tassadanslesmyriades.fr\/?tag=cine-o\">O<\/a> &#8211; <a href=\"https:\/\/tassadanslesmyriades.fr\/?tag=litte-p\">P<\/a> &#8211; Q &#8211; <a href=\"https:\/\/tassadanslesmyriades.fr\/?tag=litte-r\">R<\/a> &#8211; <a href=\"https:\/\/tassadanslesmyriades.fr\/?tag=cine-s\">S<\/a> &#8211; <a href=\"https:\/\/tassadanslesmyriades.fr\/?tag=cine-t\">T<\/a> &#8211; <a href=\"https:\/\/tassadanslesmyriades.fr\/?tag=cine-u\">U<\/a> &#8211; V &#8211; W &#8211; X &#8211; Y &#8211; Z &#8211; <a href=\"https:\/\/tassadanslesmyriades.fr\/?tag=cine-123\">123<\/a><\/p>\n\n\n\n<hr class=\"wp-block-separator has-alpha-channel-opacity\"\/>\n\n\n\n<h3 class=\"wp-block-heading\"><span class=\"ez-toc-section\" id=\"Livres_%F0%9F%93%9A\"><\/span>Livres \ud83d\udcda<span class=\"ez-toc-section-end\"><\/span><\/h3>\n\n\n\n<p>Par ordre alphab\u00e9tique &#8211; tag #litt\u00e9-lettre (les d\u00e9terminants et d\u00e9monstratifs comptent)<\/p>\n\n\n\n<p>Attention \u26a0\ufe0f les articles qui mentionnent le titre d\u2019un livre sont aussi r\u00e9f\u00e9renc\u00e9s dans ces listes.<\/p>\n\n\n\n<p><a href=\"https:\/\/tassadanslesmyriades.fr\/?cat=42\">Tous les livres<\/a> <\/p>\n\n\n\n<p>A &#8211; <a href=\"https:\/\/tassadanslesmyriades.fr\/?tag=litte-b\">B<\/a> &#8211; <a href=\"https:\/\/tassadanslesmyriades.fr\/?tag=litte-c\">C<\/a> &#8211; <a href=\"https:\/\/tassadanslesmyriades.fr\/?tag=litte-d\" data-type=\"link\" data-id=\"https:\/\/tassadanslesmyriades.fr\/?tag=litte-d\">D<\/a> &#8211; E &#8211; F &#8211; G &#8211; H &#8211; I &#8211; J &#8211; K &#8211; <a href=\"https:\/\/tassadanslesmyriades.fr\/?tag=litte-l\">L<\/a> &#8211; M &#8211; <a href=\"https:\/\/tassadanslesmyriades.fr\/?tag=litte-n\">N<\/a> &#8211; O &#8211; P &#8211; Q &#8211; R &#8211; S &#8211; <a href=\"https:\/\/tassadanslesmyriades.fr\/?tag=litte-t\">T<\/a> &#8211; U &#8211; V &#8211; W &#8211; X &#8211; Y &#8211; Z &#8211; 123<\/p>\n\n\n\n<hr class=\"wp-block-separator has-alpha-channel-opacity\"\/>\n\n\n\n<h2 class=\"wp-block-heading\"><span class=\"ez-toc-section\" id=\"Abonnez-vous_aux_nouvelles\"><\/span>Abonnez-vous aux nouvelles :<span class=\"ez-toc-section-end\"><\/span><\/h2>\n\n\n\n<div class=\"wp-block-group alignfull has-global-padding is-layout-constrained wp-container-core-group-is-layout-d89aad35 wp-block-group-is-layout-constrained\" style=\"margin-top:0;margin-bottom:0;padding-top:var(--wp--preset--spacing--50);padding-right:var(--wp--preset--spacing--50);padding-bottom:var(--wp--preset--spacing--50);padding-left:var(--wp--preset--spacing--50)\">\n<div class=\"wp-block-group alignwide has-base-2-background-color has-background has-global-padding is-layout-constrained wp-container-core-group-is-layout-39412042 wp-block-group-is-layout-constrained\" style=\"border-radius:16px;padding-top:var(--wp--preset--spacing--40);padding-right:var(--wp--preset--spacing--50);padding-bottom:var(--wp--preset--spacing--40);padding-left:var(--wp--preset--spacing--50)\">\n<div style=\"height:var(--wp--preset--spacing--10)\" aria-hidden=\"true\" class=\"wp-block-spacer\"><\/div>\n\n\n\n<h2 class=\"wp-block-heading has-text-align-center has-x-large-font-size\"><span class=\"ez-toc-section\" id=\"Rejoignez_les_Myriades%E2%80%93lovers_2Emois\"><\/span>Rejoignez les <strong>Myriades<\/strong>&#8211;<em><strong>lovers<\/strong><\/em> (2\u20ac\/mois)<span class=\"ez-toc-section-end\"><\/span><\/h2>\n\n\n\n<div class=\"wp-block-buttons is-content-justification-center is-layout-flex wp-container-core-buttons-is-layout-a89b3969 wp-block-buttons-is-layout-flex\">\n<div class=\"wp-block-button\"><a class=\"wp-block-button__link wp-element-button\" href=\"https:\/\/ko-fi.com\/tassaneelesmyriades\">S\u2019inscrire<\/a><\/div>\n<\/div>\n\n\n\n<p class=\"has-text-align-center\">Soutenez le blogue ainsi que les sites web et restez au courant de tout ce que vous devez savoir avec des podcasts audio en plus. Car je d\u00e9tiens la cl\u00e9. Laquelle ? Inscrivez-vous pour ne pas savoir !<\/p>\n\n\n\n<div style=\"height:var(--wp--preset--spacing--10)\" aria-hidden=\"true\" class=\"wp-block-spacer\"><\/div>\n<\/div>\n<\/div>\n\n\n\n<hr class=\"wp-block-separator has-alpha-channel-opacity\"\/>\n\n\n\n<h2 class=\"wp-block-heading\"><span class=\"ez-toc-section\" id=\"Pixelfed\"><\/span><a href=\"https:\/\/tassadanslesmyriades.fr\/?page_id=588\">Pixelfed<\/a> <span class=\"ez-toc-section-end\"><\/span><\/h2>\n\n\n\n<iframe title=\"Pixelfed Post Embed\" src=\"https:\/\/pixelfed.fr\/p\/Lesmyriades\/726850040724488255\/embed?caption=true&#038;likes=false&#038;layout=full\" class=\"pixelfed__embed\" style=\"max-width: 100%; border: 0\" width=\"400\" allowfullscreen=\"allowfullscreen\"><\/iframe><script async defer src=\"https:\/\/pixelfed.fr\/embed.js\"><\/script>\n\n\n\n<hr class=\"wp-block-separator has-alpha-channel-opacity\"\/>\n\n\n\n<h2 class=\"wp-block-heading\"><span class=\"ez-toc-section\" id=\"Mastodon\"><\/span><a href=\"https:\/\/piaille.fr\/@tassadanslesmyriades\">Mastodon<\/a> <span class=\"ez-toc-section-end\"><\/span><\/h2>\n\n\n\n<blockquote lang=\"fr\" cite=\"https:\/\/piaille.fr\/@tassadanslesmyriades\/113004181786861483\">\n  <p>Oh la la y a un hashtag mosstodon pour les photos de mousse ! <a href=\"https:\/\/piaille.fr\/tags\/mosstodon\" class=\"mention hashtag\" rel=\"tag\">#<span>mosstodon<\/span><\/a> <br \/>Y a t\u2019il un <a href=\"https:\/\/piaille.fr\/tags\/rootstodon\" class=\"mention hashtag\" rel=\"tag\">#<span>rootstodon<\/span><\/a> que je partage toutes les belles racines que je vois tous les jours ? \ud83d\ude04<\/p>\n  <footer>\n     \u2014 Tassadanslesmyriades (@tassadanslesmyriades) <a href=\"https:\/\/piaille.fr\/@tassadanslesmyriades\/113004181786861483\"><time datetime=\"2024-08-22T06:09:33.069Z\">22\/08\/2024 08:09:33<\/time><\/a>\n  <\/footer>\n<\/blockquote>\n\n\n\n<pre class=\"wp-block-preformatted\">Merci de votre visite ! <\/pre>\n\n\n\n<hr class=\"wp-block-separator has-alpha-channel-opacity\"\/>\n\n\n\n<h2 class=\"wp-block-heading\"><span class=\"ez-toc-section\" id=\"Reseaux_sociaux\"><\/span>R\u00e9seaux sociaux :<span class=\"ez-toc-section-end\"><\/span><\/h2>\n\n\n\n<ul class=\"wp-block-social-links is-layout-flex wp-block-social-links-is-layout-flex\"><li class=\"wp-social-link wp-social-link-wordpress  wp-block-social-link\"><a href=\"http:\/\/www.tassadanslesmyriades.fr\" class=\"wp-block-social-link-anchor\"><svg width=\"24\" height=\"24\" viewBox=\"0 0 24 24\" version=\"1.1\" xmlns=\"http:\/\/www.w3.org\/2000\/svg\" aria-hidden=\"true\" focusable=\"false\"><path d=\"M12.158,12.786L9.46,20.625c0.806,0.237,1.657,0.366,2.54,0.366c1.047,0,2.051-0.181,2.986-0.51 c-0.024-0.038-0.046-0.079-0.065-0.124L12.158,12.786z M3.009,12c0,3.559,2.068,6.634,5.067,8.092L3.788,8.341 C3.289,9.459,3.009,10.696,3.009,12z M18.069,11.546c0-1.112-0.399-1.881-0.741-2.48c-0.456-0.741-0.883-1.368-0.883-2.109 c0-0.826,0.627-1.596,1.51-1.596c0.04,0,0.078,0.005,0.116,0.007C16.472,3.904,14.34,3.009,12,3.009 c-3.141,0-5.904,1.612-7.512,4.052c0.211,0.007,0.41,0.011,0.579,0.011c0.94,0,2.396-0.114,2.396-0.114 C7.947,6.93,8.004,7.642,7.52,7.699c0,0-0.487,0.057-1.029,0.085l3.274,9.739l1.968-5.901l-1.401-3.838 C9.848,7.756,9.389,7.699,9.389,7.699C8.904,7.67,8.961,6.93,9.446,6.958c0,0,1.484,0.114,2.368,0.114 c0.94,0,2.397-0.114,2.397-0.114c0.485-0.028,0.542,0.684,0.057,0.741c0,0-0.488,0.057-1.029,0.085l3.249,9.665l0.897-2.996 C17.841,13.284,18.069,12.316,18.069,11.546z M19.889,7.686c0.039,0.286,0.06,0.593,0.06,0.924c0,0.912-0.171,1.938-0.684,3.22 l-2.746,7.94c2.673-1.558,4.47-4.454,4.47-7.771C20.991,10.436,20.591,8.967,19.889,7.686z M12,22C6.486,22,2,17.514,2,12 C2,6.486,6.486,2,12,2c5.514,0,10,4.486,10,10C22,17.514,17.514,22,12,22z\"><\/path><\/svg><span class=\"wp-block-social-link-label screen-reader-text\">WordPress<\/span><\/a><\/li>\n\n<li class=\"wp-social-link wp-social-link-mastodon  wp-block-social-link\"><a href=\"https:\/\/piaille.fr\/@tassadanslesmyriades\" class=\"wp-block-social-link-anchor\"><svg width=\"24\" height=\"24\" viewBox=\"0 0 24 24\" version=\"1.1\" xmlns=\"http:\/\/www.w3.org\/2000\/svg\" aria-hidden=\"true\" focusable=\"false\"><path d=\"M23.193 7.879c0-5.206-3.411-6.732-3.411-6.732C18.062.357 15.108.025 12.041 0h-.076c-3.068.025-6.02.357-7.74 1.147 0 0-3.411 1.526-3.411 6.732 0 1.192-.023 2.618.015 4.129.124 5.092.934 10.109 5.641 11.355 2.17.574 4.034.695 5.535.612 2.722-.15 4.25-.972 4.25-.972l-.09-1.975s-1.945.613-4.129.539c-2.165-.074-4.449-.233-4.799-2.891a5.499 5.499 0 0 1-.048-.745s2.125.52 4.817.643c1.646.075 3.19-.097 4.758-.283 3.007-.359 5.625-2.212 5.954-3.905.517-2.665.475-6.507.475-6.507zm-4.024 6.709h-2.497V8.469c0-1.29-.543-1.944-1.628-1.944-1.2 0-1.802.776-1.802 2.312v3.349h-2.483v-3.35c0-1.536-.602-2.312-1.802-2.312-1.085 0-1.628.655-1.628 1.944v6.119H4.832V8.284c0-1.289.328-2.313.987-3.07.68-.758 1.569-1.146 2.674-1.146 1.278 0 2.246.491 2.886 1.474L12 6.585l.622-1.043c.64-.983 1.608-1.474 2.886-1.474 1.104 0 1.994.388 2.674 1.146.658.757.986 1.781.986 3.07v6.304z\"\/><\/svg><span class=\"wp-block-social-link-label screen-reader-text\">Tassadanslesmyriades<\/span><\/a><\/li>\n\n<li class=\"wp-social-link wp-social-link-patreon  wp-block-social-link\"><a href=\"https:\/\/www.patreon.com\/Tassalesmyriades\" class=\"wp-block-social-link-anchor\"><svg width=\"24\" height=\"24\" viewBox=\"0 0 24 24\" version=\"1.1\" xmlns=\"http:\/\/www.w3.org\/2000\/svg\" aria-hidden=\"true\" focusable=\"false\"><path d=\"M20 8.40755C19.9969 6.10922 18.2543 4.22555 16.2097 3.54588C13.6708 2.70188 10.3222 2.82421 7.89775 3.99921C4.95932 5.42355 4.03626 8.54355 4.00186 11.6552C3.97363 14.2136 4.2222 20.9517 7.92225 20.9997C10.6715 21.0356 11.0809 17.3967 12.3529 15.6442C13.258 14.3974 14.4233 14.0452 15.8578 13.6806C18.3233 13.0537 20.0036 11.0551 20 8.40755Z\" \/><\/svg><span class=\"wp-block-social-link-label screen-reader-text\">Matreon<\/span><\/a><\/li><\/ul>\n","protected":false},"excerpt":{"rendered":"<p>la bienvenue ! Derniers articles publi\u00e9s R\u00e9pertoires \ud83d\udcd5 Retrouvez les publications dans leur r\u00e9pertoire respectif : Chaque r\u00e9pertoire commence par la lettre r pour r\u00e9pertoire, suivi d\u2019un slash \/ et d\u2019une cat\u00e9gorie. Mes logs quotidiens : r\/dailylog toutes les listes : r\/listes r\/cinema | r\/edito | r\/poemes | r\/histoire | r\/tech | r\/Livres | r\/S\u00e9rie [&hellip;]<\/p>\n","protected":false},"author":1,"featured_media":0,"parent":0,"menu_order":0,"comment_status":"closed","ping_status":"closed","template":"","meta":{"footnotes":""},"class_list":["post-2","page","type-page","status-publish","hentry"],"_links":{"self":[{"href":"https:\/\/tassadanslesmyriades.fr\/index.php?rest_route=\/wp\/v2\/pages\/2","targetHints":{"allow":["GET"]}}],"collection":[{"href":"https:\/\/tassadanslesmyriades.fr\/index.php?rest_route=\/wp\/v2\/pages"}],"about":[{"href":"https:\/\/tassadanslesmyriades.fr\/index.php?rest_route=\/wp\/v2\/types\/page"}],"author":[{"embeddable":true,"href":"https:\/\/tassadanslesmyriades.fr\/index.php?rest_route=\/wp\/v2\/users\/1"}],"replies":[{"embeddable":true,"href":"https:\/\/tassadanslesmyriades.fr\/index.php?rest_route=%2Fwp%2Fv2%2Fcomments&post=2"}],"version-history":[{"count":52,"href":"https:\/\/tassadanslesmyriades.fr\/index.php?rest_route=\/wp\/v2\/pages\/2\/revisions"}],"predecessor-version":[{"id":899,"href":"https:\/\/tassadanslesmyriades.fr\/index.php?rest_route=\/wp\/v2\/pages\/2\/revisions\/899"}],"wp:attachment":[{"href":"https:\/\/tassadanslesmyriades.fr\/index.php?rest_route=%2Fwp%2Fv2%2Fmedia&parent=2"}],"curies":[{"name":"wp","href":"https:\/\/api.w.org\/{rel}","templated":true}]}}